**3 - 4*d**2 - 3*d - 2. Let n(a) = -a**2 - 4*a + 7. Let h be n(-5). Suppose -h = 5*v + 8. What is the units digit of i(v)?
2
Suppose 0*z - 4*z + b = -1058, 3*z - 5*b - 802 = 0. What is the tens digit of z?
6
Suppose -34*i + 39*i - 6200 = 0. What is the units digit of i?
0
Suppose -3 + 0 = -r. Suppose 2 = -2*m - r*w + 4, 3*m + 2*w = -2. What is the units digit of (12/8 + m)*-4?
2
Let h(n) = 870*n**3 + 8*n - 7. What is the tens digit of h(1)?
7
Let j(h) = 1283*h**2 - 3*h - 3. What is the tens digit of j(-1)?
8
Suppose 10*v - 740 - 1230 = 0. Suppose -411 = -2*g + v. What is the units digit of g?
4
Let v = 1107 + 266. What is the units digit of v?
3
Suppose 8 = 15*o - 13*o. Suppose 0 = -0*f - 5*f - o*z + 1210, -z = -3*f + 726. What is the units digit of f?
2
Let m = 146 - 15. What is the hundreds digit of m?
1
Let u = 38 - -2. Let f be u + (-1)/(1 - 0). Suppose 4 = -2*k, -3*m = -3*k - 0*k - f. What is the tens digit of m?
1
Let g = 75 + -40. Suppose -3 - g = -h. What is the units digit of h?
8
Suppose 87*p + 12 = 91*p. What is the tens digit of 57/(-4*6*p/(-336))?
6
What is the tens digit of ((-86)/(-3))/((-7)/((-6300)/24))?
7
Let o be 0 + (100/45 - 6/27). Let g(h) = 11*h + 3. What is the tens digit of g(o)?
2
Let w = -111 - -21. Let f = 316 + w. What is the units digit of f?
6
Suppose -6*f + 7 + 23 = 0. Suppose r - 3*r = -2*u - 212, 4*r - 460 = -f*u. What is the tens digit of r?
1
Let g be 59/(7/(-21) + 10/12). Let m = 11 + g. What is the units digit of m?
9
What is the tens digit of 88/16*(144 + 4)?
1
Let i(v) = -v**2 - 8*v + 6. Let o be i(-5). Let t be o/(-5) - (-2)/10. Let q = 21 + t. What is the units digit of q?
7
Suppose 5*s = -2*g - g + 157, -2*s + 54 = -g. Let v = 59 - 18. Let h = v - s. What is the tens digit of h?
1
Suppose 3*r - 2*r + 82 = 0. Let v = 165 + r. What is the units digit of v?
3
What is the units digit of (-657)/(-12) + (-1)/(-4)?
5
Let k(n) = n**3 + 5*n**2 + 2*n - 2. Let h be k(-2). Suppose h*d = 9*d - 81. What is the tens digit of d?
2
Let f(i) = 347*i - 139. What is the thousands digit of f(5)?
1
Let i = -2174 + 4932. What is the tens digit of i?
5
Suppose -12*r + 924 = -6*r. What is the units digit of r?
4
Suppose 33*j - 15 = 36*j, -t + j + 1276 = 0. What is the tens digit of t?
7
What is the thousands digit of 2*(12 - 6 - -882)?
1
Let b = 4084 - 2307. What is the tens digit of b?
7
What is the tens digit of (105 - 53)*(0 - -8)?
1
Suppose 0 = 5*q - 9*q + 1824. What is the hundreds digit of q?
4
Let p(g) = -g**3 + 3*g**2 + 2*g - 1. Let r be p(3). Let h = 402 + -163. Suppose -4*k + 0*k + d = -186, -h = -r*k - 2*d. What is the units digit of k?
7
Let r = -42 + 42. Suppose 5*j + 6*c - 830 = c, -5*j - c + 830 = r. What is the tens digit of j?
6
Let j = -271 - -276. What is the units digit of j?
5
Suppose 1443 - 5385 = -9*o. What is the tens digit of o?
3
Suppose -5*l + 4 = -4*l. Let f = 4 - l. Suppose f = n - 1 - 3. What is the units digit of n?
4
What is the hundreds digit of (21 - 22)/((-4)/11336)?
8
Suppose 5*r + 2*y = 66 - 11, 3*r - 14 = -5*y. Let x = 53 - r. Let l = x + -13. What is the tens digit of l?
2
Let a(f) = -2*f**3 - 2*f**2 + 2*f + 3. Let m be a(-2). Suppose -3*s + 29 = -13. Let c = m + s. What is the units digit of c?
1
Let k be (25/15 + -2)*159*-3. Let f = 288 - k. What is the tens digit of f?
2
Suppose 88*n - 642 = 91*n. Let l = n - -395. What is the tens digit of l?
8
Suppose -q - 4*g = -5*g - 185, g - 1 = 0. What is the hundreds digit of q?
1
Let t(i) = i**3 + 14*i**2 - 9*i - 21. Let j be t(-14). Let w = 188 - j. What is the units digit of w?
3
What is the tens digit of (-76234)/235*(45/(-6) + 0)?
3
Let p be 4*(-4)/(-4) - 1. Suppose -x = p, b - 2*x - 59 = -3*x. What is the units digit of b?
2
Let f(b) = -3*b**2 - 17*b - 11. Let z be f(-5). Suppose 6*i - 40 = 2*i. Let w = i + z. What is the units digit of w?
9
Let n = -147 - -263. Suppose -3*m + h = -n, m - h + 2 - 40 = 0. What is the tens digit of m?
3
Suppose -2*d + 3*j - 297 = -5*d, 0 = -5*d + j + 519. Suppose -d*i - 208 = -107*i. What is the units digit of i?
2
Suppose 3*l = 583 + 2822. What is the thousands digit of l?
1
Suppose -5*x - 16 = 59. Let i = x - -50. What is the units digit of i?
5
Suppose -i = -3*f - 336, 3*i - 2*i + 108 = -f. Let p = f + 116. What is the units digit of p?
5
Let i be ((-1)/2)/((-14)/5488). Suppose 0 = -6*x - x + i. What is the units digit of x?
8
Suppose -7*p - 253 = -2318. What is the hundreds digit of p?
2
Suppose 69*t + 703818 = 191*t. What is the units digit of t?
9
Suppose -4*s - 104 = -2*s. Let k = 151 + s. Suppose -f = -4*f + k. What is the tens digit of f?
3
Suppose j + 4*j - c - 17 = 0, 0 = 4*j - 4*c - 4. Suppose 24 = -o + j*o. What is the units digit of o?
8
Suppose 0 = 3*s + b - 13, 4*s - 4*b - 8 = s. Suppose z - 5*z = -s*a + 368, -a + 112 = -5*z. What is the tens digit of a?
8
Suppose 3*y = 2*f - 20, -2*f - 3 = 3*y - 23. Let t = 10 - f. Suppose b = -3*l + 11, -3*l + l - 10 = t. What is the units digit of b?
6
Suppose -4*l = 5*x - 5100 - 1872, 0 = -3*l + x + 5229. What is the tens digit of l?
4
Suppose 4*f - 4 = -5*o - 114, 3*o - 96 = 3*f. What is the tens digit of (f/4)/(45/(-240))?
4
Let q be 0 + 241 - (-1 - -2). Let k = -146 - -150. Suppose q = m + k*m. What is the units digit of m?
8
What is the tens digit of (-5496)/(-7) + ((-75)/105)/5?
8
What is the units digit of ((3 + -6)/3)/((-10)/4190)?
9
Let f(h) = 112*h - 676. What is the units digit of f(27)?
8
Suppose -5*z + 105 = -5*p, -5*z + p + 75 = -z. Let q = -6 + z. What is the units digit of q?
2
Let b(l) = 8*l**2 + l - 2. Let f(x) = -7*x**2 - x + 2. Let d(m) = 4*b(m) + 5*f(m). Let o be d(2). What is the units digit of (-5 - 1)*o/8?
9
Suppose 0 = 9*b + 1164 + 339. Let a = b + 277. What is the hundreds digit of a?
1
Suppose 93181 = 73*m - 47636. What is the thousands digit of m?
1
Suppose -3*b - 3*b = -30. What is the units digit of b/((-70)/8) - (-1170)/14?
3
Suppose -7*u = -6*u - 5. Let s = -19 + 22. Suppose 7*t - s*t - u*o = 184, 4*o + 16 = 0. What is the units digit of t?
1
Let t(w) = w + 17. Let h(y) = -1. Let c(j) = 5*h(j) + t(j). Let f be c(-6). Suppose 3*o - f*o = -177. What is the tens digit of o?
5
Suppose 574 = -5*n + 2*u + 11574, 0 = 3*n - 5*u - 6619. What is the thousands digit of n?
2
Let z = 1277 + -731. What is the tens digit of z?
4
Suppose k - 6961 = -3*w - 0*k, 3*w + 2*k - 6959 = 0. What is the tens digit of w?
2
Let d(h) = 71*h - 46. What is the tens digit of d(7)?
5
Suppose 0*t - 3*t - 276 = -5*r, 2*r = 6. Let u = t + 208. What is the tens digit of u?
2
Let u = -7 + 7. Suppose -3*k - k = 5*s - 145, u = -5*k - 4*s + 179. What is the units digit of k?
5
What is the hundreds digit of (2 - 0) + (381 - -12)?
3
Suppose 0*b + 5*b = 5*m + 3350, -658 = -b - 5*m. What is the hundreds digit of b?
6
Suppose 4*f = -2*f + 18. Let p(y) = 5*y - 7. Let g be p(f). What is the tens digit of (-12)/(((-9)/g)/3)?
3
Let y = 50 - 51. Let m(r) = -49*r**3 - r**2 - 4*r - 3. What is the units digit of m(y)?
9
Suppose -3*j + 422 = 2*w + 13, 172 = w - 5*j. Let v = -10 + 14. Suppose 3*k + w = v*i, 0*i - k = 5*i - 270. What is the tens digit of i?
5
Let k(l) = -13*l**2 + 25*l - 7. Let v(o) = -3*o**2 + 6*o - 2. Let r(a) = 2*k(a) - 9*v(a). What is the tens digit of r(7)?
2
Let j(x) = 6*x**2 - 5*x - 3 - 10*x + 16*x - 2*x. Let y be j(3). What is the units digit of (-254)/(-8) - y/64?
1
Let x = -2 - -4. Suppose -9 = -3*n, -2*k - x*n = -67 - 21. Suppose 4*v + 4*u = 84, 0*u + k = v - 3*u. What is the units digit of v?
6
What is the tens digit of 1139 - (-1)/((-1)/(-4))?
4
Let o be 2431/(-4)*(-8 + 12). What is the units digit of o/(-136) + 2/16?
8
Suppose -7*f = -10*f - 3*h + 3225, -2*f = -5*h - 2129. What is the hundreds digit of f?
0
What is the thousands digit of 7 - -111*(-627)/(-11)?
6
Suppose -57*c + 51600 = -45*c. What is the tens digit of c?
0
Let y = 425 - 61. What is the tens digit of y?
6
Let w = -44 - -387. What is the hundreds digit of w?
3
Let c be -4*(-2 + (-28)/(-16)). Let i(f) = 4 + 7*f - 5 - c. What is the units digit of i(2)?
2
Let s(q) = -q**3 + 3*q**2 + 35*q + 19. What is the units digit of s(-10)?
9
Let z = 4 - -11. Suppose w - 2*p - 9 = 0, -5*w = 3*p - z - 17. What is the units digit of w?
7
Suppose 0 = 5*k + 3*d + 75, 2*d + 2*d = 3*k + 45. Let n = 3